4*o - 9. Is w(d) a composite number?
True
Suppose -2021*h = -2050*h + 1695079. Is h prime?
True
Suppose -3*w + 6*w - 30 = 0. Let n be ((-5)/w)/(1/830). Let h = 1294 + n. Is h a prime number?
False
Let m(r) = -497*r + 42. Let c(i) = -i - 2. Let o(a) = 6*c(a) + m(a). Is o(-11) composite?
False
Let f(k) be the second derivative of 30*k - 47/2*k**2 + 0 + 31/6*k**3. Is f(10) a composite number?
False
Let m = -174 - -190. Suppose -6*w - m*w = -131582. Is w prime?
True
Let y = 111 - 107. Suppose y*d - 120136 = -4*r, d + 15331 = 3*r + 45345. Is d a composite number?
False
Suppose 1679266 - 259441 = 75*y. Is y prime?
False
Suppose b + 0*b = -7. Let v(x) = -15*x**2 + 121*x - 1. Let u be v(8). Let c = u - b. Is c prime?
False
Let j(n) = 4*n**3 + 4*n**2 - 5*n + 2. Let o be j(1). Is o - 1/((-4)/15936) composite?
False
Let r be 6/(13 + -7) - 18/3. Is r*(-1)/5*(-18940)/(-4) prime?
False
Suppose 0 = -19*i + 18*i - 16*p + 35927, 2*p = -3*i + 107643. Is i a prime number?
True
Suppose -3*g + 2*f = -1913, 0 = g - 0*f + 2*f - 635. Let d(q) = q**2 - 25*q - 12. Let l be d(13). Let h = g + l. Is h a prime number?
False
Let d(b) = 13*b**3 + 7*b**2 - 9*b + 5. Let x be d(-9). Let w be -4621 + -35 + -1 + (1 - -1). Let z = w - x. Is z a prime number?
False
Let x(o) = -113419*o + 2685. Is x(-4) prime?
False
Suppose 356016 - 124216 = q + 3*b, -5*b = q - 231802. Suppose 4*i - 33*i + q = 0. Is i a prime number?
True
Let c = 1972 - 933. Suppose -h = -2*s + 392, 13*h - 17*h = 4*s + 1568. Let t = h + c. Is t a prime number?
True
Let d = -59854 - -451591. Is d composite?
True
Let s(j) be the first derivative of 1155*j**2/2 - 226*j - 85. Is s(23) a prime number?
True
Is -7 - (8 + -8) - (-8 - 863178) prime?
True
Let y = 976231 + -416850. Is y a composite number?
True
Is (-73)/(-219)*(72775 + 2) composite?
True
Let g(f) = 768*f**2 - 22*f + 75. Is g(5) a composite number?
True
Let y be 18/6*32/4. Is (-6)/4 + 240204/y composite?
False
Suppose 2*m + 10 = 5*b + 77, 3*b - 3*m + 33 = 0. Let k(i) = 87*i**2 - 6*i - 98. Is k(b) a composite number?
True
Let g be -1*(3 + (-15)/5). Suppose 0*c + 595 = 4*r + 5*c, g = -2*r + 5*c + 275. Is r a composite number?
True
Suppose 4*n + 12*t - 168224 = 17*t, -5*n + 210321 = 4*t. Is n composite?
False
Is ((-2)/128*-2512856)/(2/16) a prime number?
True
Let q = -122 + 178. Let t = q + -54. Suppose 5*z + b - 3238 = 0, t*b + 0*b = 5*z - 3229. Is z composite?
False
Suppose -2*a = -3773 - 693. Suppose -19*n + 12*n + a = 0. Is n a prime number?
False
Let y(w) = 7*w**2 + 17*w - 12*w - 17*w - 21. Is y(6) prime?
False
Suppose 5*u - 3*f = 149, 5*u + 3*f = 7*u - 65. Let i be (24/42)/((-8)/u). Is -1*(-16)/i*(-1253)/28 composite?
True
Let d = -16690 + 27341. Is d prime?
True
Suppose -2*j - 5*t + 31 = 0, -3*j = 4*t + 17 - 81. Let q = j + 54. Is q prime?
False
Suppose -4*d + 205244 = -4*q, -5*d - 121*q + 122*q = -256539. Is d prime?
True
Let d(k) = -4*k - 5. Let b be d(-6). Let j = b + -13. Suppose 320 = 5*n + z - j*z, -2*n - 3*z + 103 = 0. Is n a composite number?
False
Suppose 2*h - 20 = -2*h. Suppose 2*d - 2 = -5*i + 17, h*i - 21 = -3*d. Suppose 1342 = 4*q + c - 1175, -3*q - i*c = -1890. Is q a composite number?
True
Let k be (-2)/(-3)*(4 + (-32)/(-4)). Suppose k*u + 5*x = 3*u + 22685, 0 = 5*x - 10. Is u a prime number?
False
Let o be 1047/(-2)*254/3. Let l = o - -66910. Is l prime?
False
Suppose -127602 = 5*d - a + 96939, 4*a - 4 = 0. Is 66/(-198) - d/3 composite?
False
Let j = 49 + -48. Let i be (2 - 1)/(((-6)/(-102))/j). Suppose -3*g + 2*a = -169, -g + 5*a + i = -22. Is g prime?
True
Suppose -g - 243562 = -4*b + 132832, b - 4*g = 94091. Is b prime?
True
Let h = 230 + -216. Let v(u) = 4*u**3 - 5*u**2 + 7*u - 33. Is v(h) composite?
False
Suppose 3*q = 5*a + 18, 4*q + 4*a - 12 = 12. Is (137079/(-2))/9*q/(-9) a composite number?
False
Let t(a) be the second derivative of -4*a**5/5 + 13*a**4/24 + 29*a**3/6 - 26*a. Let i(f) be the second derivative of t(f). Is i(-7) a composite number?
True
Suppose 29*i + 1172366 = 163*i. Is i prime?
False
Suppose 2*v = 3*v. Suppose o = -2*s + 99, -3*s + v*s - 342 = -3*o. Suppose 6*x = o + 4925. Is x a prime number?
True
Suppose g = -5*g - 18. Let r be 366613/(-39) + 2 + 5/g. Is r/(-32) + (-6)/8 a prime number?
True
Suppose -6474 = 5*n - 11*n. Suppose 4*z = -i + 1433, -5*i + n = 3*z - 0*i. Suppose 31*r + z = 33*r. Is r prime?
True
Suppose 16 = -4*k, 2*b + 7*k - 13220 = 4*k. Is 3 + -3 + b - -3 composite?
False
Let u(i) = -3*i**3 + 61*i**2 - 11*i + 43. Is u(-16) composite?
False
Let n be -1*((-3)/(-6))/((-3)/(-6)). Is (-359)/(3 - (-4)/n) composite?
False
Let s be 2 - (-8)/(-16)*-20. Suppose -2*i = -s*i + 510. Is i a prime number?
False
Is (12/(-9))/(12*14/(-5471802)) prime?
True
Suppose 4*g + 2*l = 94, 0*l + 28 = g + 5*l. Let s = g - 23. Suppose s*x + 2*x - 106 = 0. Is x prime?
True
Is 2/(-18) + (-87)/((-24273)/16862512) prime?
False
Let u(z) = 3024*z**2 + 3*z - 6. Let y(o) = -6049*o**2 - 5*o + 10. Let p(a) = -5*u(a) - 3*y(a). Is p(1) a prime number?
False
Let g(k) = -26*k**3 - 25*k**2 + 22*k - 320. Is g(-25) a composite number?
True
Let o(f) = 1156*f**2 - 16*f - 58. Is o(-5) a composite number?
True
Suppose -2*y = -4*p + 165694, 5*p = -3*y + 136137 + 70975. Is p composite?
True
Suppose 2*h = 5*h + 4605. Suppose -150*t + 388 + 362 = 0. Is h/(-3 - (3 - t)) prime?
False
Let y = 220444 + -153335. Is y prime?
False
Let k(r) be the third derivative of -r**6/120 - 3*r**5/20 + 7*r**4/12 - r**3/6 + 2*r**2 - 9*r. Is k(-13) a prime number?
False
Let k(l) = -49*l**2 - 41*l + 3. Let v(n) = n**3 + 74*n**2 + 62*n - 4. Let p(s) = -8*k(s) - 5*v(s). Is p(-15) a prime number?
False
Let t(a) = -1547*a**3 - 16*a**2 - 29*a - 221. Is t(-7) a composite number?
False
Is (-1993216)/(-10 + -7) + 15 a prime number?
False
Is 0/(-1) + 37429/7 a composite number?
False
Suppose -6 = 2*j - 2. Let o be 31*(4/(-4))/(j/(-908)). Let g = -9867 - o. Is g composite?
True
Is 60845 + (-23)/((-322)/196) prime?
True
Suppose 6*m = 2*m + 8, -4*m = 2*s + 4366. Let i = s - -8090. Is i composite?
False
Let c(o) = -8*o + 12. Let n be c(-6). Let p = n - 56. Suppose j - 3*j - p*q + 2090 = 0, 4176 = 4*j + 4*q. Is j a composite number?
True
Suppose 17*q - 101232 = 12*q - p, p - 7 = 0. Is q composite?
True
Suppose -2*r + 148 = 164, -z = -2*r - 1124655. Is z a prime number?
True
Suppose 296 - 276 = 5*r. Suppose 5*t + p + p = 43571, -r*p = -12. Is t a composite number?
False
Let x = 166 - 163. Is x*8/12 - -2561 a composite number?
True
Let l(q) be the first derivative of 10*q**4 - 16*q**4 + 2*q**3 - 2*q**2 + q - 5*q - 3*q - 20. Is l(-5) a composite number?
False
Suppose s - j - 8 - 1 = 0, 4*s = -3*j + 8. Suppose s*a - 7 = -2. Is 2 + a - (1 + 1 + -1206) a composite number?
True
Suppose 9 = -2*p + 21. Suppose p*i - 1 = 11. Suppose -k - h + 379 = 0, -i = 2*h - h. Is k a prime number?
False
Suppose 2*y + 3*y = -75. Let v(z) = -z**3 - 8*z**2 + 14*z - 3. Let o be v(y). Let r = o + -883. Is r a composite number?
False
Suppose 32 = -6*z - 646. Let c = -159 - 193. Let g = z - c. Is g a composite number?
False
Let d = -1342 + 3299. Let x = -1212 + d. Is x composite?
True
Suppose -2 = f - 5. Suppose 4*l - 23035 = -3*t, -18526 = -5*l + f*t + 10234. Is l a composite number?
True
Suppose u = 6*u - 4*q - 23, 0 = -4*q - 8. Suppose u*l - 4646 - 895 = 0. Is l a composite number?
False
Is (-1 + -3 + (-40)/(-12))/(86/(-25324377)) composite?
True
Suppose u + d - 187 - 18 = 0, d - 3 = 0. Let m(b) = -274*b + 82*b - 18 - u*b - 17. Is m(-7) a prime number?
False
Suppose 5*s - 4*i = 65028 + 30312, 3*s - 2*i = 57206. Suppose n = -d - s, 7*n = 2*n - d - 95356. Let z = -12638 - n. Is z a composite number?
True
Let n(g) = -1530*g - 3557. Is n(-6) a prime number?
True
Let t(o) = 2*o**2 - 22*o - 31. Let b be t(-17). Suppose -96 = 3*w - b. Suppose 2*q + 2*q + 4*i - 364 = 0, 3*q = -4*i + w. Is q composite?
False
Let t be (-10)/(-4) - 3/(-6) - 0. Suppose -2*p = -3*p - 5*s - 1, t*s - 1 = p. Is (-1363)/p - (-5 + 7) composite?
False
Let m(w) = -269*w + 5. Let k be -3 + 6/((-18)/(-21)). Suppose -v = 5*g - 9, -5*v = -g + k*g - 1. Is m(v) prime?
False
Let w = -15830 + 23403. Is w prime?
True
Suppose 238*q + 2391756 = 250*q. Is q a prime number?
True
Let g be (-7)/((-35)/5935) + -5 + 2. Let i = -411 + -284. Let r = g + i. Is r a c